-4*m = -12 + 4. Let v be (-1 - m)*5/(-3). Suppose 5*z + j - 4 = -1, v*z + 2*j = 1. What is the units digit of z?
1
Let t = 279 - 174. What is the tens digit of t?
0
Let v = 48 - 28. What is the tens digit of v?
2
Let j = 23 - 28. Let g(d) = 0 + d**2 - 3 + 4 + 4*d. What is the units digit of g(j)?
6
Let z = -4 - -7. Suppose -z = -n - 0*n. Suppose t = -n*b + 20, t + t + 15 = 5*b. What is the units digit of b?
5
Suppose 0*h = -h + 3. Suppose 3*s - 3*a - h = 33, -s + 2*a + 11 = 0. What is the tens digit of s?
1
Suppose -2*u - 3*d = -3*u + 48, 0 = -u + 5*d + 54. What is the units digit of u?
9
Let n = -86 + 365. What is the hundreds digit of n?
2
Suppose 0 = -3*w - 2*w + 10. Suppose 0 = -b, 4*k + w*b = -3*b + 32. What is the units digit of 4/k + 1/2?
1
Let b(i) = -i**3 + i**2 - i + 1. Suppose 4*v - 2*t - 4 = v, -3*v = 2*t - 8. Let c be b(v). Let k = 6 + c. What is the units digit of k?
1
What is the tens digit of (-4 - -7) + (37 - 1)?
3
Suppose -l = -4*p - 2 + 23, 4*l - 6 = -2*p. Suppose b - p = 3. What is the units digit of b?
8
Suppose 0 = 6*s - s + 15. What is the units digit of s/9 + (-49)/(-3)?
6
Let s = -8 + 5. What is the units digit of (s/4)/((-4)/96)?
8
Let p = 8 - 6. Suppose -12 = -p*f - 0. What is the units digit of f?
6
Let p(v) = 2*v**2 - v + 1. Suppose 0*n - 5*n = -15. What is the units digit of p(n)?
6
Suppose -1 = -h + 2. Let c = 4 + 1. Suppose 4*x = c*a + 1, 2*x + 0*x - 17 = -h*a. What is the units digit of x?
4
What is the units digit of 152/(-3)*(0 + 15/(-5))?
2
Let w be 3/(-9)*(-1 - 17). Suppose -5*n - 3 = -4*g - 1, n = 2. Let a = w - g. What is the units digit of a?
3
Let k(g) = -37*g**2 - g - 1. Let b be k(1). Let i be (-1)/(2*1 - 1). What is the tens digit of (b/(-6) - i)*2?
1
Suppose 0 = -3*u + 3*b - 20 + 92, 0 = -2*u + 4*b + 58. Suppose k + 3 = -4*q, -u = -2*k + q + 11. Let m = k + -4. What is the units digit of m?
9
Let d(b) = 16*b**2 - 4*b + 4. What is the tens digit of d(3)?
3
What is the units digit of (2 - 3 - -27)/2?
3
Suppose -5*j + j + 92 = 0. What is the tens digit of 2/(4 - 2)*j?
2
Suppose 4*a + 31 + 17 = 3*k, -1 = a + 2*k. What is the units digit of 3/a + (-16)/(-3)?
5
Let f(g) = -g + 1. Let p be f(1). Let w(k) = -k + 10. Let o be w(5). Suppose t - 14 + o = p. What is the units digit of t?
9
Let p be 21/(-1) - (-2)/2. What is the units digit of (0 - (-6)/(-5))*p?
4
Suppose -j + 4 = -2. Suppose -j = t - 4. Let v = -1 - t. What is the units digit of v?
1
Suppose -36 = 4*h - 8*h. What is the units digit of h?
9
What is the units digit of 48/84 + 1000/14?
2
What is the tens digit of -8*2*(-4)/2?
3
Let d = 44 + -2. What is the units digit of d?
2
Suppose -6*b + b = 3*r + 20, 2*b = 3*r - 8. Let o be 1*(31 + (-1 - r)). Suppose 0 = -5*s + 2*s + o. What is the units digit of s?
0
Suppose 2*u - 24 = -2*z - 0*u, -2*u + 8 = 0. Suppose -2 = -3*m - z. What is the units digit of 1/(m/14*-1)?
7
Suppose -15*a + 2518 = 613. What is the units digit of a?
7
Suppose 5 = v - a - 3*a, -v + 3 = -2*a. Let i(k) = 10*k**3 - 2*k**2 + 2*k. What is the units digit of i(v)?
0
Let r be -2 + -1 + 26/2. Let f(u) = u**3 - 11*u**2 + 11*u + 7. What is the units digit of f(r)?
7
Suppose -18*j + 14*j + 1092 = 0. What is the units digit of j?
3
Let j be (-2)/(-8) - 14/(-8). Suppose -2 - 8 = -k. Suppose 0 = -2*y + j*m + k, 6*y - 29 = y + 3*m. What is the units digit of y?
7
Let t be (-3)/(-2) + (-2)/(-4). Suppose -i + q = -7, -t*q = -0*q. What is the units digit of i?
7
Let c(h) = 7*h + 7*h - h**3 - 4 + 17*h**2 - 6*h**2. What is the units digit of c(12)?
0
Suppose -4*h = -2*t - 4, -2*t + 4*t - h + 1 = 0. Suppose -m + 5*m - 36 = t. What is the units digit of m?
9
Suppose 3*t - u - 29 = 0, -2*t + 17 = -u - 2*u. Let f be 2*(t/4 + -2). What is the units digit of (f + 0 + 0)*1?
1
Let h(x) = x**2 + 2*x - 2. Let g be h(-3). Suppose t + 3*o + 6 = g, -5*o - 48 = -4*t. What is the units digit of t?
7
Suppose 0 = -3*z - 2*i + 24, -4*z + i = -i - 18. Suppose -z = k - 17. What is the tens digit of k?
1
Let a be (-4)/10 + 110/25. Suppose 0 = -a*t + 8, -5*t = 5*r - 14 - 16. Suppose m = r*m - 30. What is the tens digit of m?
1
Suppose -3*f - 5*m + 134 = -149, 0 = 3*f + 3*m - 291. What is the tens digit of f?
0
Let c be -15 - (0 - 2/2). Let q = -10 - c. What is the units digit of q?
4
Let k be (2 - -3)*6/(-15). Let r = 2 - k. What is the units digit of r?
4
Let n(z) = 5*z + 2*z + 0*z + z. Let w be n(4). Suppose 2*y - 4*y = -3*f + 44, 3*f + y - w = 0. What is the units digit of f?
2
Suppose 145 = 5*p - 5*z, 85 = 3*p - 6*z + 2*z. What is the units digit of p?
1
Suppose 2*y - 3*n - 63 = -y, -15 = 3*n. What is the tens digit of y?
1
Suppose -4*j - j = 260. What is the units digit of (-10)/4*j/10?
3
Let a(h) = h**3 - 9*h**2 + 9*h - 6. Let q be a(8). Suppose -v - q*v = -9. Let y = -1 + v. What is the units digit of y?
2
Let b = 290 - 170. What is the units digit of b?
0
Let g(k) = -k**2 + 2*k - 1. Let q = 4 - 3. Let s be g(q). Suppose l = 3*r - 13, 21 = r + 3*l - s*l. What is the units digit of r?
6
Let h(s) = s**2 - 10*s + 26. What is the tens digit of h(14)?
8
Suppose -4*v + 4*g + 4 = 0, 0 = 4*v - 2*g + 3*g + 6. Let t be (0/(-3 + 2))/v. Suppose 7*m - 2*m - 15 = t. What is the units digit of m?
3
Let v = -13 - -10. Let w(r) = -r**3 - r**2 + 2*r + 3. What is the units digit of w(v)?
5
Let z = -7 + 21. Let r = z + -10. What is the units digit of r?
4
What is the tens digit of ((-2)/(-3) - (-1)/3) + 59?
6
Suppose 2*c - 25 = -3*c. Suppose c*m - m - 24 = 0. Let a = m - 3. What is the units digit of a?
3
Suppose 1 + 7 = 2*f. Let t(p) = 2*p**2 - 4*p + 1. What is the tens digit of t(f)?
1
Let s(a) = a**3 + 6*a**2 + 5*a + 3. Let j be s(-5). Suppose 6*w = j*w - 3. What is the units digit of (-8)/10*(-6 - w)?
4
Let s be (-1 + 0)/((-2)/12). Let t(l) = s + 5*l - 4*l + 4. What is the units digit of t(-8)?
2
Let m = 9 - 7. Suppose 2*t - 40 = -m*t. What is the units digit of ((-9)/6)/((-1)/t)?
5
Let p be (-1 + (-15)/(-9))*3. Let f(m) = -2 + p*m - 4 + 5. What is the units digit of f(1)?
1
Let s(f) be the second derivative of -2*f**3/3 + 3*f**2/2 - 2*f. Let m be s(2). Let q = -2 - m. What is the units digit of q?
3
Let k(y) = -y**2 + 5*y. Let d be k(3). Let w be d/4*(-4)/(-2). Suppose -m + 2*g = -11, -m - 6 + w = 5*g. What is the units digit of m?
7
Let r = 99 - 177. Let h be r/(-18) + (-4)/(-6). What is the units digit of 40/(-16)*(-18)/h?
9
Let p(b) = 3*b**2 - b - 1. Let l be p(3). Suppose -4*x = j - 34 - 68, 0 = x - j - l. What is the tens digit of x?
2
What is the units digit of (-12)/18 + 143/3?
7
Suppose -3 - 60 = -3*s. What is the tens digit of s?
2
Let p(v) = 9*v + 8. Let g be p(8). Suppose 3*s + s = g. What is the tens digit of s?
2
Let b = -8 - -13. Suppose b*w - 130 = 4*o, -5*w - 24 = -o - 154. Let v = w + -15. What is the tens digit of v?
1
Suppose 77 = -m + 8*m. Let z be 1 - ((-6)/1 + 1). Let p = m - z. What is the units digit of p?
5
Let g(s) = -19*s - 6. What is the units digit of g(-5)?
9
Let o(h) = 13*h - 15. What is the tens digit of o(16)?
9
Let u be -1*((3 - 2) + -7). Let g(h) = h**3 - 7*h**2 + 8*h - 7. Let k be g(u). Suppose 40 = k*x + 5. What is the units digit of x?
7
Suppose 0 = -3*d + 2 + 10. Let f be (-5 + d)/((-2)/62). Suppose 2*n = 4*a + 8, -2*n + f - 8 = a. What is the tens digit of n?
1
What is the tens digit of 1*((-1086)/(-30) - 1/5)?
3
Suppose 2 = -n + i - 2*i, 2*i - 2 = -n. Let c be 8 - 3/(n/2). Let l = c - 7. What is the units digit of l?
2
Let a(d) = -17*d**2 + 4*d + 7. Let z(u) be the first derivative of -8*u**3/3 + u**2 + 3*u + 1. Let q(v) = 4*a(v) - 9*z(v). What is the tens digit of q(2)?
1
Suppose -6 - 7 = b - 5*x, 0 = 3*x - 9. Let a be b/3 - 33/9. Let o(s) = s + 5. What is the units digit of o(a)?
2
Let q(p) = -15*p**2 - p - 7. Let u(i) = -7*i**2 - i - 3. Let y(k) = -6*q(k) + 13*u(k). What is the units digit of y(-7)?
3
Let v = -85 + 211. What is the tens digit of v?
2
Let h be 104/(-10) - 3/5. Let x = h - -22. What is the units digit of x?
1
Suppose 4 - 24 = -4*y. Suppose -4*l + 11 = k, -2*l + l = 5*k - 17. Suppose 2*a + 3*w = k*a + 6, -24 = -3*a - y*w. What is the units digit of a?
3
Let v = -3 + 13. Suppose -3*j - v = 2*j. What is the units digit of ((-20)/5)/(j - -1)?
4
Let m(f) = 2*f - 4. Let s be m(3). Let h be 2 + -4 + s + -11. Let g = -4 -